{"id":478,"date":"2013-11-19T23:28:27","date_gmt":"2013-11-19T21:28:27","guid":{"rendered":"http:\/\/www.lasalavng.cat\/index.php"},"modified":"2026-01-13T14:59:58","modified_gmt":"2026-01-13T12:59:58","slug":"fent-cami-fotografies-de-nuria-porras-i-sergi-balaguer","status":"publish","type":"page","link":"http:\/\/www.lasalavng.cat\/index.php\/exposicions\/2013-2\/fent-cami-fotografies-de-nuria-porras-i-sergi-balaguer","title":{"rendered":"FENT CAM\u00cd. FOTOGRAFIES DE N\u00daRIA PORRAS I SERGI BALAGUER"},"content":{"rendered":"<h2>Sala Oberta<\/h2>\n<p>Del 29 de novembre de 2013 al 5 de gener de 2014<br \/>\n<strong>Inauguraci\u00f3 divendres 29 de novembre a les 18h.<\/strong><\/p>\n<p>L\u2019exposici\u00f3 <strong>Fent cam\u00ed<\/strong> est\u00e0 formada per una quarantena de fotografies realitzades pels fot\u00f2grafs vilanovins N\u00faria Porras i Sergi Balaguer. A trav\u00e9s de les seves instant\u00e0nies es pot veure el dia a dia d\u2019un grup de persones amb discapacitat intel\u00b7lectual i f\u00edsica, la majoria dels quals participen dels projectes d\u2019inserci\u00f3 laboral, TIMOL i MAT\u00cd, que porta a terme l\u2019Institut Municipal d\u2019Educaci\u00f3 i Treball (IMET), de l\u2019Ajuntament de Vilanova i la Geltr\u00fa.<br \/>\nUn treball fotogr\u00e0fic en el que la N\u00faria i el Sergi exploren les emocions humanes a partir d&#8217;una mirada personal i realista.<\/p>\n<p><strong>N\u00faria Porras<\/strong><br \/>\nVilanova i la Geltr\u00fa, 1987.<br \/>\nHa realitzat estudis de t\u00e8cnic superior de disseny gr\u00e0fic a l\u2019Escola Massana i estudis de fotografia a l\u2019Institut d\u2019Estudis fotogr\u00e0fics de Catalunya, a m\u00e9s a m\u00e9s de diversos cursos d\u2019Especialitzaci\u00f3 Fotogr\u00e0fica.<br \/>\nHa participat en diferents exposicions col\u00b7lectives de fotografia realitzades Catalunya entre les que cal destacar <em>InCorpore &#8217;12<\/em> organitzada per The Crossing Lab al Centre Cultural La Farinera del Clot (Barcelona, 2012) i la projecci\u00f3 del treball <em>Realitats<\/em> a la Fundaci\u00f3 Fotocolectania (Barcelona, 2011). Tamb\u00e9 ha participat en mostres col\u00b7lectives europees com el festival Sony World Photography Awards 2010 celebrat a Cannes (2010) i seleccionada al Clic &#8217;10 amb l\u2019exposici\u00f3 del projecte <em>Tranuitar<\/em> a la Casa de la Generalitat de Perpiny\u00e0 dins del Visa Off (2010).<\/p>\n<p><strong>Sergi Balaguer<\/strong><br \/>\nVilanova i la Geltr\u00fa, 1976.<br \/>\nEl seu inter\u00e8s en la fotografia neix la d\u00e8cada del 2000 arran de la seva passi\u00f3 pels viatges, i per l&#8217;atracci\u00f3 vers els espais naturals propers i llunyans. Amant de les arts visuals i de l&#8217;aprenentatge, de 2010 a 2013 realitza el Graduat en Fotografia a l&#8217;Institut d&#8217;Estudis Fotogr\u00e0fics de Catalunya (Barcelona), i el M\u00e0ster en Creaci\u00f3 i Producci\u00f3 Multim\u00e8dia a la Universitat Oberta de Catalunya. Ha col\u00b7laborat amb l&#8217;Associaci\u00f3 Amics de la UNESCO del Garraf (2010 i 2011) i amb el web CatalunyaOnline.cat (2011), en diferents reportatges fotogr\u00e0fics dedicats a difondre i promoure el patrimoni arquitect\u00f2nic i cultural.<\/p>\n<p><strong>Organitza: <\/strong>Centre d&#8217;Art Contemporani LA SALA i Institut Municipal d&#8217;Educaci\u00f3 i Treball (IMET)<\/p>\n<p><strong> Activitats complement\u00e0ries<\/strong><br \/>\nTaula rodona <strong>Teniu la paraula: Realitats i mites envers les persones amb disCAPACITAT<\/strong><em>.<br \/>\n<\/em>Dimarts 3 de desembre a les 19h.<br \/>\nCoincidint amb el dia internacional de les persones amb discapacitat s\u2019organitza una taula amb persones amb discapacitat intel\u00b7lectual per abordar diferents temes relacionats amb les seves viv\u00e8ncies. Tamb\u00e9 hi participar\u00e0 la regidora d\u2019Educaci\u00f3 i Ocupaci\u00f3 de l\u2019Ajuntament de Vilanova i la Geltr\u00fa, Ariadna Llorens.<br \/>\nModeren la taula: Ingrid Pujols Sarrias i Raquel Perea Alc\u00e1ntara, t\u00e8cniques del projecte TIMOL.<\/p>\n<p>Activitat infantil.<em> <strong>El Cass\u00f3 d\u2019en Gerard<\/strong><\/em><br \/>\nDissabte 14 de desembre a les 10.30h.<br \/>\nCarme Jariod explicar\u00e0 el conte de la Isabelle Carrier que parla de les difer\u00e8ncies als m\u00e9s petits. Amb paraules senzilles i unes il\u00b7lustracions tendres i divertides, l\u2019autora recrea el dia a dia d\u2019un nen diferent: les seves dificultats, les seves qualitats i els obstacles que ha d\u2019afrontar.<br \/>\nEdats: nens i nens de 3 a 8 anys.<\/p>\n","protected":false},"excerpt":{"rendered":"<p>Sala Oberta Del 29 de novembre de 2013 al 5 de gener de 2014 Inauguraci\u00f3 divendres 29 de novembre a les 18h. L\u2019exposici\u00f3 Fent cam\u00ed est\u00e0 formada per una quarantena de fotografies realitzades pels fot\u00f2grafs vilanovins N\u00faria Porras i Sergi Balaguer. A trav\u00e9s de les seves instant\u00e0nies es pot veure el dia a dia d\u2019un [&hellip;]<\/p>\n","protected":false},"author":2,"featured_media":0,"parent":373,"menu_order":0,"comment_status":"closed","ping_status":"open","template":"","meta":{"footnotes":""},"class_list":["post-478","page","type-page","status-publish","hentry"],"_links":{"self":[{"href":"http:\/\/www.lasalavng.cat\/index.php\/wp-json\/wp\/v2\/pages\/478","targetHints":{"allow":["GET"]}}],"collection":[{"href":"http:\/\/www.lasalavng.cat\/index.php\/wp-json\/wp\/v2\/pages"}],"about":[{"href":"http:\/\/www.lasalavng.cat\/index.php\/wp-json\/wp\/v2\/types\/page"}],"author":[{"embeddable":true,"href":"http:\/\/www.lasalavng.cat\/index.php\/wp-json\/wp\/v2\/users\/2"}],"replies":[{"embeddable":true,"href":"http:\/\/www.lasalavng.cat\/index.php\/wp-json\/wp\/v2\/comments?post=478"}],"version-history":[{"count":0,"href":"http:\/\/www.lasalavng.cat\/index.php\/wp-json\/wp\/v2\/pages\/478\/revisions"}],"up":[{"embeddable":true,"href":"http:\/\/www.lasalavng.cat\/index.php\/wp-json\/wp\/v2\/pages\/373"}],"wp:attachment":[{"href":"http:\/\/www.lasalavng.cat\/index.php\/wp-json\/wp\/v2\/media?parent=478"}],"curies":[{"name":"wp","href":"https:\/\/api.w.org\/{rel}","templated":true}]}}

FENT CAMÍ. FOTOGRAFIES DE NÚRIA PORRAS I SERGI BALAGUER

<h2>Sala Oberta</h2>
<p>Del 29 de novembre de 2013 al 5 de gener de 2014<br />
<strong>Inauguració divendres 29 de novembre a les 18h.</strong></p>
<p>L’exposició <strong>Fent camí</strong> està formada per una quarantena de fotografies realitzades pels fotògrafs vilanovins Núria Porras i Sergi Balaguer. A través de les seves instantànies es pot veure el dia a dia d’un grup de persones amb discapacitat intel·lectual i física, la majoria dels quals participen dels projectes d’inserció laboral, TIMOL i MATÍ, que porta a terme l’Institut Municipal d’Educació i Treball (IMET), de l’Ajuntament de Vilanova i la Geltrú.<br />
Un treball fotogràfic en el que la Núria i el Sergi exploren les emocions humanes a partir d&#8217;una mirada personal i realista.</p>
<p><strong>Núria Porras</strong><br />
Vilanova i la Geltrú, 1987.<br />
Ha realitzat estudis de tècnic superior de disseny gràfic a l’Escola Massana i estudis de fotografia a l’Institut d’Estudis fotogràfics de Catalunya, a més a més de diversos cursos d’Especialització Fotogràfica.<br />
Ha participat en diferents exposicions col·lectives de fotografia realitzades Catalunya entre les que cal destacar <em>InCorpore &#8217;12</em> organitzada per The Crossing Lab al Centre Cultural La Farinera del Clot (Barcelona, 2012) i la projecció del treball <em>Realitats</em> a la Fundació Fotocolectania (Barcelona, 2011). També ha participat en mostres col·lectives europees com el festival Sony World Photography Awards 2010 celebrat a Cannes (2010) i seleccionada al Clic &#8217;10 amb l’exposició del projecte <em>Tranuitar</em> a la Casa de la Generalitat de Perpinyà dins del Visa Off (2010).</p>
<p><strong>Sergi Balaguer</strong><br />
Vilanova i la Geltrú, 1976.<br />
El seu interès en la fotografia neix la dècada del 2000 arran de la seva passió pels viatges, i per l&#8217;atracció vers els espais naturals propers i llunyans. Amant de les arts visuals i de l&#8217;aprenentatge, de 2010 a 2013 realitza el Graduat en Fotografia a l&#8217;Institut d&#8217;Estudis Fotogràfics de Catalunya (Barcelona), i el Màster en Creació i Producció Multimèdia a la Universitat Oberta de Catalunya. Ha col·laborat amb l&#8217;Associació Amics de la UNESCO del Garraf (2010 i 2011) i amb el web CatalunyaOnline.cat (2011), en diferents reportatges fotogràfics dedicats a difondre i promoure el patrimoni arquitectònic i cultural.</p>
<p><strong>Organitza: </strong>Centre d&#8217;Art Contemporani LA SALA i Institut Municipal d&#8217;Educació i Treball (IMET)</p>
<p><strong> Activitats complementàries</strong><br />
Taula rodona <strong>Teniu la paraula: Realitats i mites envers les persones amb disCAPACITAT</strong><em>.<br />
</em>Dimarts 3 de desembre a les 19h.<br />
Coincidint amb el dia internacional de les persones amb discapacitat s’organitza una taula amb persones amb discapacitat intel·lectual per abordar diferents temes relacionats amb les seves vivències. També hi participarà la regidora d’Educació i Ocupació de l’Ajuntament de Vilanova i la Geltrú, Ariadna Llorens.<br />
Moderen la taula: Ingrid Pujols Sarrias i Raquel Perea Alcántara, tècniques del projecte TIMOL.</p>
<p>Activitat infantil.<em> <strong>El Cassó d’en Gerard</strong></em><br />
Dissabte 14 de desembre a les 10.30h.<br />
Carme Jariod explicarà el conte de la Isabelle Carrier que parla de les diferències als més petits. Amb paraules senzilles i unes il·lustracions tendres i divertides, l’autora recrea el dia a dia d’un nen diferent: les seves dificultats, les seves qualitats i els obstacles que ha d’afrontar.<br />
Edats: nens i nens de 3 a 8 anys.</p>

<p>Sala Oberta Del 29 de novembre de 2013 al 5 de gener de 2014 Inauguració divendres 29 de novembre a les 18h. L’exposició Fent camí està formada per una quarantena de fotografies realitzades pels fotògrafs vilanovins Núria Porras i Sergi Balaguer. A través de les seves instantànies es pot veure el dia a dia d’un [&hellip;]</p>
