{"id":1362,"date":"2026-09-01T10:55:25","date_gmt":"2026-09-01T08:55:25","guid":{"rendered":"https:\/\/www.lasalavng.cat\/?page_id=1362"},"modified":"2026-09-01T11:00:08","modified_gmt":"2026-09-01T09:00:08","slug":"ignot-festival-dexploracio-artistica-i-cultural","status":"publish","type":"page","link":"http:\/\/www.lasalavng.cat\/index.php\/exposicions\/2026-2\/ignot-festival-dexploracio-artistica-i-cultural","title":{"rendered":"IGNOT, Festival d&#8217;exploraci\u00f3 art\u00edstica i cultural"},"content":{"rendered":"\n<p>Del 25 al 27 de setembre<br>Vilanova i la Geltr\u00fa<br>Inauguraci\u00f3 divendres 25 de setembre a les 17.30 h.<\/p>\n\n\n\n<p>Programaci\u00f3 i venda d&#8217;entrades a:<br \/><a href=\"https:\/\/www.escenavilanova.cat\/festival_ignot\">https:\/\/www.escenavilanova.cat\/festival_ignot<\/a><\/p>\n\n\n","protected":false},"excerpt":{"rendered":"<p>Del 25 al 27 de setembreVilanova i la Geltr\u00faInauguraci\u00f3 divendres 25 de setembre a les 17.30 h. Programaci\u00f3 i venda d&#8217;entrades a:https:\/\/www.escenavilanova.cat\/festival_ignot<\/p>\n","protected":false},"author":2,"featured_media":0,"parent":1319,"menu_order":-9,"comment_status":"closed","ping_status":"closed","template":"","meta":{"footnotes":""},"class_list":["post-1362","page","type-page","status-publish","hentry"],"_links":{"self":[{"href":"http:\/\/www.lasalavng.cat\/index.php\/wp-json\/wp\/v2\/pages\/1362","targetHints":{"allow":["GET"]}}],"collection":[{"href":"http:\/\/www.lasalavng.cat\/index.php\/wp-json\/wp\/v2\/pages"}],"about":[{"href":"http:\/\/www.lasalavng.cat\/index.php\/wp-json\/wp\/v2\/types\/page"}],"author":[{"embeddable":true,"href":"http:\/\/www.lasalavng.cat\/index.php\/wp-json\/wp\/v2\/users\/2"}],"replies":[{"embeddable":true,"href":"http:\/\/www.lasalavng.cat\/index.php\/wp-json\/wp\/v2\/comments?post=1362"}],"version-history":[{"count":0,"href":"http:\/\/www.lasalavng.cat\/index.php\/wp-json\/wp\/v2\/pages\/1362\/revisions"}],"up":[{"embeddable":true,"href":"http:\/\/www.lasalavng.cat\/index.php\/wp-json\/wp\/v2\/pages\/1319"}],"wp:attachment":[{"href":"http:\/\/www.lasalavng.cat\/index.php\/wp-json\/wp\/v2\/media?parent=1362"}],"curies":[{"name":"wp","href":"https:\/\/api.w.org\/{rel}","templated":true}]}}

IGNOT, Festival d&#8217;exploració artística i cultural

<p>Del 25 al 27 de setembre<br>Vilanova i la Geltrú<br>Inauguració divendres 25 de setembre a les 17.30 h.</p>



<p>Programació i venda d&#8217;entrades a:<br /><a href="https://www.escenavilanova.cat/festival_ignot">https://www.escenavilanova.cat/festival_ignot</a></p>

<p>Del 25 al 27 de setembreVilanova i la GeltrúInauguració divendres 25 de setembre a les 17.30 h. Programació i venda d&#8217;entrades a:https://www.escenavilanova.cat/festival_ignot</p>
